8 - 32 - 14) + -1 + -3
20
Calculate -8 - (-1 - -12 - (-45 - 7 - 5)) - 8.
-84
Evaluate 2 + (-1 - -3) + -21 - (-10 - -24).
-31
Evaluate -33 + 255 + -62 + -61 + 2 + 1.
102
78 + -36 + -1 - 12
29
What is -4 + -142 + (-870 - -1058)?
42
Evaluate -65 + 89 - (-8 + 21 - 2).
13
Calculate 31 + (380 - 365) + (-3 - -2).
45
Calculate 14 - (-14 + 36) - 14 - -40.
18
Calculate (31 - (-99 - -78)) + -31.
21
What is -22 + 1 + (-59 - -22 - -32)?
-26
Calculate (7 - (3 + -2) - (-1148 - -1163)) + 15 - 151.
-145
What is the value of -3 + -2 + -15 - (8 + 9)?
-37
What is the value of -157 + 227 - -48 - (-1 - (-6 - -2))?
115
What is the value of 0 + (-46 - -17 - -36)?
7
What is 80 + (6 + -18 - ((-21 - -24) + -7))?
72
Calculate -1 + -37 - (-1508 + 1470).
0
Calculate -7 + -15 + 109 + -26 - 33.
28
What is the value of 22 + 1 + -5 + (-85 - -15)?
-52
What is (-52 - (-3 - 14)) + 19 - -60?
44
What is the value of -130 + (4 - -2) - (21 - -5 - (-11 + 48))?
-113
What is the value of 76 + -13 + -123 - -110?
50
Evaluate -19 + -4 + (-4 + -2 - 11).
-40
Evaluate 11 + -38 + 37 + (-3 - -27).
34
-26 - (12 - (38 - (-4 - -22)))
-18
What is -61 + 51 + (-60 - -8) + (0 - -1 - 1)?
-62
Calculate 8 + (-1 + 1 - 106 - (-20 + 13) - -1).
-90
Calculate 64 - (-4 + -3 + -9 - 1 - -21).
60
What is the value of 20 + 1 + 125 + -156 + 10?
0
(69 + -82 - 0) + 23 + 2 + 0 - 3
9
What is 8 + -8 + -39 + 12 + (-11 - -12)?
-26
What is the value of 23 + -9 + 49 - 33 - -76?
106
Calculate 78 + (1 - 83) + 64.
60
What is the value of (1 - 2) + (-3 - (-1 - -2)) + -117 + 130?
8
What is (90 - -3) + -155 - (-2 - (-3 + 2))?
-61
-75 + (12 - -46) - (-19 + 0)
2
Calculate (4 - -14) + (-396 - -473).
95
Evaluate (1 - 1) + (12 + (9 - (-3 - -14)) - 14).
-4
-143 + (32 - -103) + -13 + 2 + -3
-22
Calculate (-51 + 49 - -23) + -2.
19
(367 + -362 - (35 - -1)) + (10 - 1) + 3
-19
What is 27 - ((39 - 17) + 1 - (8 - -2))?
14
(-92 - (-35 - -4)) + 26
-35
What is -26 + 15 + (6 + -24 - -14)?
-15
Calculate -6 - (-3 + -65) - ((0 - -32) + (-1239 - -1199)).
70
What is the value of -42 + -6 + 20 - -21?
-7
Calculate -192 + 90 + 112 - (-34 + 1).
43
What is -72 - (21 + 57 - 165)?
15
Calculate (0 - 1) + -16 + 13 + (15 - 15) + -30.
-34
(27 + (-22 - 21) - 13) + 45
16
-28 + -6 - (-11 - -9 - -46)
-78
Evaluate 67 + -24 + (8 - (11 + -8) - 10) + 14.
52
What is 46 + (5 - 19) + -80?
-48
(180 + -170 - (0 + 0)) + (66 - 49)
27
((-7 - -7) + 5 - 8) + (-7 - -11 - 59)
-58
What is the value of -1 + 36 + -6 - (-3 + -16 - -23)?
25
-4 + (5 - ((6 + -11 - -6) + 6)) + -62
-68
Evaluate (22 - (10 - (-18 - (-1 + -9)))) + 3.
7
What is the value of -4 + (-12 + 23 - (0 - 1)) - 7?
1
What is 62 - ((-3 - -45) + -20) - 9?
31
What is the value of -64 + 28 - -52 - 9?
7
What is -727 + 855 + (-3 - 72)?
53
(-14 - -14 - (68 - -10)) + (-2 + 1 - -6)
-73
-46 + 52 + 21 - 82
-55
(-2 - -2) + (0 + -16 - (-93 - (5 + -84)))
-2
Calculate 196 + -152 + (6 + -190 - -12).
-128
Evaluate (119 - 125 - -113) + (-5 + 1 - (0 + 1)).
102
What is (-54 - 30) + 45 - -7 - -21?
-11
Calculate (-12 + 29 - -7) + -7.
17
What is the value of -78 - (74 - 5 - 196)?
49
What is -8 - ((-28 - 89) + 79)?
30
What is the value of 73 + (-4 + -40 - -31) - -1?
61
Calculate (-3 - -5) + 5 + 1 + 24 + 10.
42
Calculate 175 - (217 + (-6 - 115)).
79
What is 25 + 46 + (43 - 84) + (-7 - -1)?
24
Calculate (-20 - 2) + (116 + 1 - 51).
44
What is the value of -8 + (108 + -58 - 37) + (0 - -23)?
28
Evaluate 65 + (-28 + -5 - -25) + -24.
33
What is -1 - -4 - (-186 + 164 - (-2 - 19))?
4
What is 266 + -287 + (-2 + -8 - -3)?
-28
Calculate (-13 - -27) + -18 + (-12 - -13) + -39.
-42
What is the value of -34 + -22 + 48 + -24 + (0 - 2)?
-34
Calculate (1 + 3 - (564 + -530)) + -26.
-56
What is the value of -29 + (-55 - -51) + 110 + (-5 - -1)?
73
Evaluate 8 + (-10 - 9) - (-64 - 2).
55
Calculate -71 - (1 + 15 - (42 - 34)).
-79
What is 36 - ((-1 - (-7 - -2)) + (15 - 16 - 1))?
34
What is the value of (-11 + (1 - 0) - (50 + -85 + 35)) + -24?
-34
What is the value of 10 - ((-12 - (-1 + (-16 - -14))) + -46)?
65
Evaluate (25 + -14 + -25 - (83 - -3)) + 22.
-78
(-3 + -4 - (-5 + (-19 - -6))) + (0 - 19)
-8
What is the value of 42 - -10 - (40 - 7) - -60?
79
(-6 - (1 - 2)) + -1 + (-429 - 159) + 523
-71
What is the value of 39 - 23 - 2 - (2 - -10)?
2
What is 14 - (9 + -13) - (-13 - -22) - (0 + -16)?
25
Calculate -46 - 1 - (67 + (7 - 92)).
-29
What is (7 + (2 - 14) - (-6 - -113)) + (-3 - -11)?
-104
Calculate 10 + (-43 + 7 - -3) + 9 - 11.
-25
Evaluate 0 + 1 + (22 - (-54 + 11 + -3)).
69
What is the value of (53 - -2 - (11 + -5 + 6)) + 1?
44
What is the value of 57 + -194 + 182 + (11 - -1)?
57
Evaluate -3277 - -3269 - (-2 + 13 + -4 + -1).
-14
Calculate 77 + (-2 - 89) - (118 + -3).
-129
Evaluate -50 + (-13 - -27) + 99.
63
What is -15 + (62 - -45) + -52?
40
What is -2 + -4 + -3 - (-31 - 13) - (3 + -4)?
36
Evaluate (22 - -26) + -65 - -57 - -52.
92
What is (0 - 13 - 9) + 34?
12
What is the value of 0 - 5 - (-72 - 2) - (10 + -37 - -26)?
70
-6 + -1 - (339 - 457 - ((-4 - 10) + 3))
100
What is the value of -45 + -124 + 185 - (-25 + 1)?
40
-87 + (-5 - (30 + -78))
-44
Evaluate -12 + -32 + -7 + (43 - 30).
-38
What is (4 - (1 + 22 + -5)) + 3 + 40 + -29?
0
Calculate (62 - 81) + -8 + (11 - 5).
-21
Evaluate -82 + -1 + (-73 + 2 - -32) + 34.
-88
What is the value of 6 + (1 - (0 - (2 - 1))) + (-437 - -444)?
15
3 + 33 + 5 + -50 + 63 - 16
38
-85 - (-184 + (125 - 5))
-21
-164 + 36 + 35 - 14 - -15
-92
What is (-16 - 115) + -130 + 206?
-55
What is the value of -7 + -14 + (0 + 1 - -59 - (4030 - 4031))?
40
What is 0 + 35 + 1339 + -1319 - 11?
44
What is the value of -36 + -56 - (-8 + -14 + 11) - (12 - -3)?
-96
Evaluate -282 + 281 + 53 + 8.
60
What is -28 + (27 - 40) + -19 - (1 - 1)?
-60
What is -4 - -1 - (22 + 32 + -64)?
7
What is 105 + 0 + (-1163 - -1119)?
61
What is (29 - -12 - 43) + (-2 - -1 - 27) + -7?
-37
-4 + -13 + 13 + (-2 - 42) - (20 + -9)
-59
What is the value of 45 - 2 - -4 - (-242 + 248)?
41
What is 37 + -2 + (4 - (15 - (41 + -16)))?
49
Evaluate -27 + 208 + -207 + 1 + 0.
-25
What is -11 - ((0 + 21 + -3 - (-4 + 11)) + -102)?
80
14 + -59 + 147 + -148
-46
-112 + (156 - 30) - (-1 - -62)
-47
Evaluate -29 + -7 + -45 + 107.
26
Calculate (-26 - (-26 + (8 - 20))) + (-4 - -16).
24
8 - (-2 - (-24 - (7 + -8 - 7)) - 74)
68
What is the value of -86 + -58 + 55 - -50?
-39
Calculate -113 + 3 + (8 - 26) - (-56 - -47).
-119
91 - -11 - (210 + -199)
91
Calculate -27 + 55 + -86 + 50.
-8
What is the value of (885 - 936 - (0 - 55)) + -57 + -2?
-55
What is 17 + -5 + -49 + 37 + -23?
-23
What is the value of 4 + -14 + (13 - (-1 + 11)) + -11?
-18
Evaluate 1 + -2 + -76 + 2133 + -2136 - 4.
-84
What is the value of (-376 + 362 - (-13 + -2 + 1)) + (1 - 59)?
-58
What is (4 - 0) + (-693 - -740)?
51
-58 - (-68 - -39) - 38
-67
What is 4 - (-1 + (0 - (-20 - -4))) - 87?
-98
Evaluate 187 + -178 + 35 - (26 + 0).
18
What is the value of -13 - -4 - -5 - 0 - (-19 + -11 + 13)?
13
What is the value of -8 + 2 - (-7 - -4) - (-18 + -7 + 25)?
-3
What is the value of -69 + (55 - 10 - 19) - (0 + 0)?
-43
Calculate (-438 - -466) + (1 - (-1 - -2)).
28
Evaluate (2 + -19 - 1) + -10 + 1 + 16 + 2.
-9
Evaluate 0 + (32 - 49) - (0 - -2).
-19
What is the value of 3 + -12 + 12 + -5 - 7?
-9
Calculate -3 + -19 + 2 - -10 - ((-122 - -6) + -1).
107
Calculate 2 + 0 - (251 + -131) - (4 + -1 + 3).
-124
What is the value of -12 + (6 - 9) + (-43 - -33 - -38)?
13
Calculate -42 - (47 + (0 - 18) + -4).
-67
What is -137 + -12 + -158 + 253?
-54
Calculate 6 + (-16 - (21 + -19)) - (5 + -3).
-14
Evaluate 196 + -253 + (16 - 11) + -18.
-70
Calculate (610 - 612) + 0 + 0 + 19.
17
-39 + 24 + -51 + 17 - 4
-53
Calculate -183 + 207 - (-51 + 19).
56
Evaluate -3 - (-30 - (-25 - 50)).
-48
Calculate (-20 - 38) + 24 + -1 + -10.
-45
What is the value of 6 + -15 - ((42 - 34) + -20) - 38?
-35
-2 - ((-259 - -304 - (12 - 0)) + 10)
-45
20 + 6 + -107 + 115
34
Evaluate -14 + -2 + 4 + (-16 - -16).
-12
-29 + -8 - (26 - 40 - (-1 - 7) - 0)
-31
(-5 - -23 - 14) + (2 - 10) + -9 - -1
-12
Calculate -17 + 6 - (2 - ((25 - 11) + -22)).
-21
-115546 + 115580 - (-1 - 44 - 1)
80
Evaluate -4 + (9 + -22 - -40).
23
(8 - (4 - -5)) + 23 + -14 - (10 - -1)
-3
-3 - -15 - (-1 - -17) - 39
-43
25 + -62 + (42 - 23)
-18
17 - ((2 - 0 - 3) + -9 + 6 + 1)
20
Calculate 6206 + -6192 + 47 + 2.
63
What is 81 + -74 + 2 + 38?
47
Ca